{"id":61,"date":"2025-09-15T10:02:25","date_gmt":"2025-09-15T08:02:25","guid":{"rendered":"http:\/\/wimmer.localhost\/?page_id=61"},"modified":"2025-10-28T14:10:30","modified_gmt":"2025-10-28T13:10:30","slug":"impressum","status":"publish","type":"page","link":"https:\/\/derwimmer.com\/derwimmer\/impressum\/","title":{"rendered":"Impressum"},"content":{"rendered":"<p>Inhaltlich verantwortlich<br \/>\nDERWIMMER Design &amp; Direction<br \/>\nAltenderner Stra\u00dfe 27<br \/>\n44329 Dortmund<br \/>\nDeutschland<br \/>\nInhaber: Ulrich Wimmer<br \/>\nT +49 176 63752279<br \/>\nstudio@derwimmer.com<br \/>\nUSt.-Id-Nummer: DE 204074403<\/p>\n<p><strong>Haftung fu\u0308r Inhalte<\/strong><br \/>\nDie Inhalte unserer Seite wurden mit gr\u00f6\u00dfter Sorgfalt erstellt. Fu\u0308r die Richtigkeit, Vollst\u00e4ndigkeit und Aktualit\u00e4t der Inhalte k\u00f6nnen wir jedoch keine Gew\u00e4hr u\u0308bernehmen. Als Diensteanbieter sind wir gem\u00e4\u00df \u00a7 7 Abs. 1 DDG fu\u0308r eigene Inhalte auf diesen Seiten nach den allgemeinen Gesetzen verantwortlich. Nach \u00a7 8 bis 10 DDG sind wir als Diensteanbieter jedoch nicht verpflichtet, u\u0308bermittelte oder gespeicherte fremde Informationen zu u\u0308berwachen oder nach Umst\u00e4nden zu forschen, die auf eine rechtswidrige T\u00e4tigkeit hinweisen. Verpflichtungen zur Entfernung oder Sperrung der Nutzung von Informationen nach den allgemeinen Gesetzen bleiben hiervon unberu\u0308hrt. Eine diesbezu\u0308gliche Haftung ist jedoch erst ab dem Zeitpunkt der Kenntnis einer konkreten Rechtsverletzung m\u00f6glich. Bei Bekanntwerden von entsprechenden Rechtsverletzungen werden wir diese Inhalte umgehend entfernen.<\/p>\n<p><strong>Urheberrecht<\/strong><br \/>\nDie durch die Seitenbetreiber erstellten Inhalte und Werke auf diesen Seiten unterliegen dem deutschen Urheberrecht. Die Vervielf\u00e4ltigung, Bearbeitung, Verbreitung und jede Art der Verwertung au\u00dferhalb der Grenzen des Urheberrechts bedu\u0308rfen der schriftlichen Zustimmung des jeweiligen Autors bzw. Erstellers. Downloads und Kopien dieser Seite sind nur fu\u0308r den privaten, nicht kommerziellen Gebrauch gestattet. Soweit die Inhalte auf dieser Seite nicht vom Betreiber erstellt wurden, werden die Urheberrechte Dritter beachtet. Sollten Sie trotzdem auf eine Urheberrechtsverletzung aufmerksam werden, bitten wir um einen entsprechenden Hinweis. Bei Bekanntwerden von Rechtsverletzungen werden wir derartige Inhalte umgehend entfernen.<\/p>\n<p><strong>Haftungshinweis fu\u0308r Links<br \/>\n<\/strong>Auf den Inhalt von externen Webseiten haben wir keinen Einfluss und u\u0308bernehmen daher fu\u0308r diese fremden Inhalte keine Gew\u00e4hr. Fu\u0308r den Inhalt der verlinkten Seiten sind ausschlie\u00dflich deren Betreiber verantwortlich. Diese Erkl\u00e4rung gilt fu\u0308r alle auf unserer Internetpr\u00e4senz angezeigten Links und fu\u0308r alle Inhalte der verlinkten Seite.<\/p>\n","protected":false},"excerpt":{"rendered":"<p>Inhaltlich verantwortlich DERWIMMER Design &amp; Direction Altenderner Stra\u00dfe 27 44329 Dortmund Deutschland Inhaber: Ulrich Wimmer T +49 176 63752279 studio@derwimmer.com USt.-Id-Nummer: DE 204074403 Haftung fu\u0308r Inhalte Die Inhalte unserer Seite wurden mit gr\u00f6\u00dfter Sorgfalt erstellt. Fu\u0308r die Richtigkeit, Vollst\u00e4ndigkeit und Aktualit\u00e4t der Inhalte k\u00f6nnen wir jedoch keine Gew\u00e4hr u\u0308bernehmen. Als Diensteanbieter sind wir gem\u00e4\u00df \u00a7 [&hellip;]<\/p>\n","protected":false},"author":1,"featured_media":0,"parent":0,"menu_order":0,"comment_status":"closed","ping_status":"closed","template":"page-narrow.php","meta":{"_acf_changed":false,"footnotes":""},"class_list":["post-61","page","type-page","status-publish","hentry"],"acf":[],"_links":{"self":[{"href":"https:\/\/derwimmer.com\/derwimmer\/wp-json\/wp\/v2\/pages\/61","targetHints":{"allow":["GET"]}}],"collection":[{"href":"https:\/\/derwimmer.com\/derwimmer\/wp-json\/wp\/v2\/pages"}],"about":[{"href":"https:\/\/derwimmer.com\/derwimmer\/wp-json\/wp\/v2\/types\/page"}],"author":[{"embeddable":true,"href":"https:\/\/derwimmer.com\/derwimmer\/wp-json\/wp\/v2\/users\/1"}],"replies":[{"embeddable":true,"href":"https:\/\/derwimmer.com\/derwimmer\/wp-json\/wp\/v2\/comments?post=61"}],"version-history":[{"count":5,"href":"https:\/\/derwimmer.com\/derwimmer\/wp-json\/wp\/v2\/pages\/61\/revisions"}],"predecessor-version":[{"id":225,"href":"https:\/\/derwimmer.com\/derwimmer\/wp-json\/wp\/v2\/pages\/61\/revisions\/225"}],"wp:attachment":[{"href":"https:\/\/derwimmer.com\/derwimmer\/wp-json\/wp\/v2\/media?parent=61"}],"curies":[{"name":"wp","href":"https:\/\/api.w.org\/{rel}","templated":true}]}}